 p - 6 = 2. Let z be (-6)/p + 135/(-12). What are the prime factors of (2/(-3))/(1/z)?
2
Suppose -3*d - 40 = -4*d. What are the prime factors of d?
2, 5
Suppose 0 = -5*b + 2*b + 24. Let l(j) = j**3 - 9*j**2 + 8*j + 4. Let d be l(b). Suppose d*w + 79 = 5*x, -5*w + 8 = -3*w. What are the prime factors of x?
19
Suppose -j = -2*w + 234, w - 2*j + 603 = 6*w. What are the prime factors of w?
7, 17
Let i(f) = 10*f**2 + 34*f + 8. Let q(g) = 3*g**2 + 11*g + 3. Let l(a) = 2*i(a) - 7*q(a). Let o be l(-8). Let k(h) = 3*h + 3. List the prime factors of k(o).
2, 3
Let j(d) = d**2 - d - 2. Let i be ((-6)/(-5))/((-6)/(-15)). Let v be j(i). List the prime factors of (-8)/(-6)*30/v.
2, 5
Suppose 21 = 3*j + 3*h, 5*j - j - 12 = 4*h. Suppose 2*t - 33 = j*x, 4*t + 2*x + 1 = 7. List the prime factors of t.
2
Suppose -21 = -7*p - 0*p. List the prime factors of p.
3
Suppose 4 = -4*i - 3*s, -4*i + i = s - 2. Let x be (-1)/2*i*-22. Suppose -2*v + 5*d = -x, -11 = 2*v - 3*v + 2*d. What are the prime factors of v?
11
Suppose 2*f + 11 - 195 = p, -3*f = 3*p - 267. What are the prime factors of f?
7, 13
Suppose 3*g = 4*g - 5. Let x be (-38)/(-6) - 10/30. Suppose -g*j + 2*j = -x. List the prime factors of j.
2
Suppose -4*f + 20 = -4. List the prime factors of (-145)/(-3) - 2/f.
2, 3
Let x(b) = b + 15. Let w be x(-7). What are the prime factors of 54/w + 2/8?
7
Let n(s) be the third derivative of -s**4/24 + s**3/3 - 2*s**2. Let r be n(-4). Let x = -3 + r. What are the prime factors of x?
3
Let c(i) = -16*i - 2. Let u be c(2). List the prime factors of u/(3 - 5) + 0.
17
Suppose -o + 2*g + 6 = 7*g, -27 = 2*o - 3*g. List the prime factors of (18/(-4))/(o/48).
2, 3
Suppose 0*b = -4*d - 3*b + 637, 0 = d + b - 159. Suppose -5*u + d + 10 = 0. What are the prime factors of u?
2, 17
Suppose -5*f + 2*a = -363, -3*f = -2*f + 4*a - 77. What are the prime factors of f?
73
Suppose c = 4*c - 5*b + 14, 3*b = 2*c + 10. Let v(l) = -2*l - 8. List the prime factors of v(c).
2
Let r(a) = -5*a - 2. Let n(s) = 3*s + 1. Let q(l) = 7*n(l) + 4*r(l). Let y be q(6). Let p = 4 + y. List the prime factors of p.
3
Let j be (-1)/(-2) - 5/2. Let t be j/2*1 + 3. Suppose 4*k - 24 = -p, 0 = 3*p - 3*k + 1 + t. What are the prime factors of p?
2
Suppose -6*b + 69 = -45. What are the prime factors of b?
19
Let r(s) = -10 + 8*s - s + 11*s - 8*s. What are the prime factors of r(4)?
2, 3, 5
Let v(w) = w**2 - 8*w - 9. Let l be v(9). Suppose l = 4*g - 33 - 11. What are the prime factors of g?
11
Suppose -7*o = -5*o - 92. What are the prime factors of o?
2, 23
Let i(o) = o**3 - 6*o**2 + 12*o - 3. What are the prime factors of i(5)?
2
Let m = 10 - 5. Suppose 0 = -m*o + 50 + 15. What are the prime factors of o?
13
What are the prime factors of ((-16)/(-20))/2*60?
2, 3
Let f be 2*1*66/12. What are the prime factors of -1*(3 - f - -2)?
2, 3
Suppose h = -3*h. Suppose -2*q + 16 = -h*q. List the prime factors of q.
2
Let w(q) = -4*q**3 - 3*q**2 + 2*q - 4. What are the prime factors of w(-3)?
71
Let n(v) = -v + 1. Let d be 18/14 + 8/(-28). Let c be n(d). Suppose 15 = q + q - a, c = -q + 3*a. List the prime factors of q.
3
Suppose 0 = -2*k - k + 6. Let j be -26 + (2 - (k + -2)). List the prime factors of (-3)/2*32/j.
2
Suppose 6*b - 467 = 19. List the prime factors of b.
3
Suppose r - 4*o - 29 = 0, o - 45 = -3*r - o. List the prime factors of r.
17
Let g(v) = 3*v**2 + 8*v + 3. Let s be g(-6). Suppose 8*w - s = 5*w. What are the prime factors of w?
3, 7
Let t = -5 + 10. Suppose -18 = t*q - 58. List the prime factors of q.
2
Suppose 2*k = 3*k - 3. Suppose c = k*c - z, 5*z = 20. List the prime factors of c.
2
Let t(f) = -2*f - 4. Let s be t(-5). Let a = s - 5. What are the prime factors of (0 - a)/((-1)/3)?
3
Suppose 6*o - 40 = -2*y + 2*o, y - 2*o = 8. What are the prime factors of y?
2, 7
Suppose -17 = 2*a - 3. Let w(t) = 16 - 2*t + 3*t + 1. List the prime factors of w(a).
2, 5
Let h be (3/(-3))/(2/(-4)). Suppose 14 = -2*l + h. List the prime factors of ((-32)/l)/((-14)/(-21)).
2
Let w(l) = -l**2 + 5*l - 4. Let a be w(3). What are the prime factors of 2 - (1 + a)/(-1)?
5
Suppose 4*v - 367 = -3*j, 4*v - 620 = -5*j - v. What are the prime factors of j?
3, 43
Let i = 4 - 4. Suppose 5*d - 3 = 2*b, 5*b - 2 = 3*d - i. Let l(m) = 11*m**2 - 2*m + 1. What are the prime factors of l(b)?
2, 5
Suppose 0 = -2*u - 0*l - 4*l - 12, -5*u - 6 = 2*l. Let g be u + 3/(-9)*0. Let k = g - -5. List the prime factors of k.
5
Let a(h) = h**2. Let v be a(2). Suppose c + 5*s = 23, 4*c - v*s - 15 - 5 = 0. What are the prime factors of c?
2
Let t(m) = -2*m - m - 4*m + 0*m + 10. Let j be t(8). What are the prime factors of (-6)/4 - j/4?
2, 5
Let j(w) = -4*w - 3. Let m be j(-2). Suppose -a + m*a - 12 = 0. What are the prime factors of (a/9)/((-2)/(-18))?
3
Let g = 423 - -19. List the prime factors of g.
2, 13, 17
Let y be 17 + 1 - (3 - 0). What are the prime factors of (6/y)/(2/20)?
2
Let z = -9 + 9. Let l(y) = y**3 - y**2 - y + 48. List the prime factors of l(z).
2, 3
Suppose 0 = -8*c + 13*c - 130. What are the prime factors of c?
2, 13
Suppose 81 = 4*n - 47. What are the prime factors of n?
2
Suppose -3*g - 5*j - 43 = 0, 4*g + 2*j = 5*j - 96. Let m be (1 - g)*3/6. Suppose 2*i = m + 9. List the prime factors of i.
2, 5
Let y = 129 + -70. What are the prime factors of y?
59
Suppose 2*c + 33 = 271. List the prime factors of c.
7, 17
Suppose -3*k = 137 + 7. List the prime factors of (k/(-18))/((-4)/(-30)).
2, 5
Suppose -5*v + 31 = -b, 2*v - 9 = -v + 3*b. Let k(s) = s**3 - 8*s**2 + 11*s - 10. List the prime factors of k(v).
2, 3
Let p(g) = -g + 1. Let i be 1/((-8)/9 + 1). Let k = -14 + i. List the prime factors of p(k).
2, 3
Suppose 22 - 76 = -i. Suppose 6*d - i = 4*d. List the prime factors of d.
3
Let j be 0 + -9 - (3 + -5). Let v(z) = z**2 + 5*z - 3. Let n be v(j). Let l = -5 + n. List the prime factors of l.
2, 3
Suppose 0 = -4*s + 5 - 1. Let h = s + 0. Let f = h + 4. What are the prime factors of f?
5
Let c(y) = 4*y**3 - y**2. Let o be c(1). Suppose o*a - 6 = -3*p, 2*a = 4*p + 35 - 13. What are the prime factors of a?
5
Let m = 85 + -38. What are the prime factors of m?
47
Suppose 2*f - 5*f + 21 = 5*y, -3*y + 4*f + 1 = 0. Suppose -4*z = -y*l + 68, 16 = -z + 5*z. Suppose 2*j + 2*j = l. List the prime factors of j.
7
Suppose -5*j + 410 = -4*q, -1 = -j - 3*q + 62. What are the prime factors of j?
2, 3, 13
Let g(d) = d**3 - 5*d**2 + 7*d - 5. Let n be g(4). Let c = 12 - n. What are the prime factors of c?
5
Let h be -2*(-1)/6*3. Let f = 16 + h. What are the prime factors of f?
17
Let w(v) = -v**3 + 4 + 4*v - 6*v + 4*v**2 - v**2 + 6*v. Let m be w(4). Suppose 2*q - 2 = m. List the prime factors of q.
3
Let b(p) = -3*p + 1. Let a be b(-3). Let d = -27 + a. Let f = d - -28. List the prime factors of f.
11
Let x be (4 - 2 - 3)*46. What are the prime factors of (-6)/30 + x/(-5)?
3
Let g(u) be the second derivative of -u**5/60 + 5*u**4/24 + 2*u**3/3 - u**2 + 2*u. Let v(y) be the first derivative of g(y). List the prime factors of v(3).
2, 5
Let z(p) = 42*p**2 + 4*p + 17. List the prime factors of z(-3).
383
List the prime factors of (-2)/(8/(-70))*2.
5, 7
Let o be 2*(-87)/(-24)*4. Let y = o - 21. Let j(t) = -t + 16. What are the prime factors of j(y)?
2
Let r(j) = -j**3 - 8*j**2 + j + 8. Let i be r(-8). Suppose i = -4*m + 49 + 31. What are the prime factors of m?
2, 5
Let j = 146 + -83. What are the prime factors of j?
3, 7
Let s be (-2)/6 + 6/18. Suppose -5*w = -s*w - 90. What are the prime factors of w?
2, 3
Let f(s) = s**3 - s**2 - s + 6. Let g be f(0). Suppose a - 3*a + g = 0. List the prime factors of a.
3
Let a = 4 + 2. Let m = a + -3. Suppose -m + 11 = 4*i. List the prime factors of i.
2
Suppose -12 + 2 = -2*g. Suppose 0 = -g*s + 3*s. Suppose s = 4*v + 12 - 72. What are the prime factors of v?
3, 5
Let x = 12 + -9. Let q be (-1*10 - -2) + x. Let u = 15 + q. What are the prime factors of u?
2, 5
Let g be -1 - -5 - 1/1. Suppose 0 = -q + 2*q - 3*v - 30, -g*v = 4*q - 180. Suppose 0 = 5*k + 3*x - 66, -2*x = 4*k - 5*x - q. What are the prime factors of k?
2, 3
Let d = -63 - -159. What are the prime factors of d?
2, 3
Let c(y) = -2 + 0 + 4*y + 0. Let m = 3 + -1. List the prime factors of c(m).
2, 3
Suppose -4*c = 4*u - 9 - 3, 6 = 2*u. Suppose 0 = z - c*z - 35. List the